 p?
2
Suppose -2*w + 3*d - 5*d + 20 = 0, 3*w - 34 = d. Let o be w/(-2)*(-2 + 0). Let f = 11 + o. What is the highest common factor of 11 and f?
11
Let v = 6 + -17. Let h(d) = d**2 + 11*d + 10. Let r be h(v). Calculate the highest common divisor of r and 30.
10
Suppose -19 - 1 = -5*h. Let k be (-644)/(-18) - 2/(-9). What is the greatest common factor of h and k?
4
Let o be (-61)/(-1) + 2*1. Suppose -c = -0*c + 1. Let w be 2/c + 18/2. What is the highest common factor of o and w?
7
Let n(q) = -q**2 - 4*q + 3. Let o be n(-4). Calculate the greatest common factor of 6 and o.
3
Let v(i) = -6*i + 5 - 2 - 5. Let o be v(-3). Suppose 3*a + h = -2*h + 105, 0 = 2*a - 2*h - 90. What is the greatest common factor of o and a?
8
Suppose -t = 4*v - 4*t - 87, 0 = -2*t - 10. What is the greatest common divisor of v and 9?
9
Let a(c) = 21*c**2 - 1. Let p be a(1). Let v(s) = 3*s**2 + 6*s - 5. Let r be v(-5). What is the greatest common factor of r and p?
20
Let b(f) = -3*f**3 - 3*f**2 + 8. Let t be b(-4). What is the highest common factor of 38 and t?
38
Let p be 4/(-32) - (-1539)/24. Calculate the greatest common divisor of 160 and p.
32
Let p be 3/3 - 3 - -3. Calculate the greatest common factor of 2 and p.
1
Suppose -s - 397 = -4*j, -3*s = -5*j + 135 + 363. What is the greatest common factor of j and 11?
11
Let j = 0 + -2. Let p be (-188)/(-12) + j/(-6). Suppose i - 20 = -4*i - 2*k, i = 2*k + 4. Calculate the greatest common factor of p and i.
4
Suppose -4*w + 70 = -5*a, -2*w + 22 = 4*a - 0. Calculate the highest common divisor of w and 15.
15
Let z(h) = -h + 66. Let x be z(-11). What is the greatest common divisor of 11 and x?
11
Suppose 24 = 33*y - 30*y. Calculate the greatest common divisor of y and 72.
8
Suppose -5*z + 7*z - 30 = 0. What is the greatest common factor of 150 and z?
15
Let k(i) = -14*i + 1. Let h be k(-1). Suppose 3*y - h = 0, -3*d + 2*y = -y - 30. What is the greatest common divisor of d and 90?
15
Let o = 15 - 2. Let w(c) = -1 - 2*c + 3 - 4*c**2 + 5 - c**3. Let v be w(-6). What is the highest common divisor of o and v?
13
Let f be 2/5 - (-98)/5. Let w = -8 + 12. Suppose 0 = w*x - 9*x + 25. Calculate the greatest common divisor of f and x.
5
Suppose -2*w = -7*w + 15. Suppose -w*z - 2*f = -124 + 1, -3*z = 5*f - 132. Suppose 2*h = -0*h + 26. Calculate the highest common divisor of h and z.
13
Let r(p) = p**3 - p**2 - p - 1. Let t be r(2). Let c(o) = 0*o + o**2 + 0*o - o - t. Let l be c(3). What is the greatest common factor of l and 20?
5
Let i(f) = 3*f + 2. Let b be i(-3). Let k = b + 15. Let a = -58 + 98. What is the highest common factor of k and a?
8
Let x = 0 + 32. Suppose 0 = -34*d + 24*d + 80. Calculate the greatest common divisor of x and d.
8
Suppose 2*a - 7 + 3 = 0. Let y be (2 - 2) + 128/2. Suppose -5*d + y = i, -d - 4*i - 18 = -46. Calculate the highest common divisor of a and d.
2
Let c = -2 - -20. Let y be 2/8 + (-511)/(-4). Suppose h - 16 - y = 0. What is the greatest common divisor of c and h?
18
Suppose z = 5*z - 24. Suppose -z*b = -3*b - 81. Calculate the highest common divisor of b and 9.
9
Let f = -9 + 12. Suppose 0 = f*q - 40 - 14. Calculate the highest common divisor of q and 18.
18
Let h be (-1)/(0 - (-2)/(-44)). Suppose -x - 3 = -2. Let d be 55*(x + (-8)/(-5)). What is the highest common factor of h and d?
11
Suppose -60 = -7*p + 2*p. Let m(f) = 2*f - 12. Let w be m(p). What is the highest common divisor of 132 and w?
12
Let m be 0 - 9/3 - -14. Suppose 4*w = -m + 83. What is the highest common factor of 2 and w?
2
Let s = 12 + -10. What is the greatest common factor of s and 4?
2
Suppose 0 = -h + a + 2*a + 16, -5*h + 104 = -3*a. What is the greatest common divisor of h and 2?
2
Let j(q) = -9 + 0*q + 11*q - 3*q. Let r be j(3). Calculate the greatest common factor of r and 135.
15
Suppose -2*y = 0, 2*o - 308 = -2*o - 2*y. Calculate the highest common factor of 22 and o.
11
Suppose 4*t = 26 - 10, 0 = h + 5*t - 45. Suppose 4*k + 2*d + 74 = 0, -4*d - 71 = 4*k - 3*d. Let c = h + k. What is the highest common factor of c and 12?
4
Let f(h) = 55*h + 5. Let r be f(5). Suppose 2*g - n - 280 = -3*g, 5*g - 3*n = r. What is the highest common factor of g and 7?
7
Let i(f) = -2*f + f + 4*f**2 - 3*f**2 + 6 + 0*f. Let c be i(-3). What is the greatest common divisor of 3 and c?
3
Let a = 9 - 14. Let x(j) = -14*j - 6. Let w be x(a). What is the highest common divisor of w and 8?
8
Let k(i) = -i**2 - i + 6. Let n be k(0). Calculate the highest common factor of n and 18.
6
Let j(m) = -2*m + 22*m**2 + 67*m**2 - 3*m + 6*m. Let z be j(1). Let f = -86 + 122. What is the highest common divisor of z and f?
18
Let v be 4 - -11*(-2 - -14). Calculate the highest common factor of v and 34.
34
Suppose 302 = 5*z - 1093. Let t = -151 + z. Calculate the greatest common factor of t and 16.
16
Let o be (-1)/(1 + 16/(-12)) - -5. Calculate the highest common factor of 8 and o.
8
Suppose -3*n = 2*z - 56, -n + 39 = -z + 12. Calculate the highest common divisor of 242 and n.
22
Let j(v) be the first derivative of 5*v**3/3 - 5*v**2/2 - 4*v - 1. Suppose -3*p + p = 6. Let n be j(p). What is the highest common divisor of 7 and n?
7
Suppose -4*d = -8*d + 204. What is the highest common divisor of d and 17?
17
Suppose 3*n + 5*y - 15 = 0, -2*n - 9 = -3*y - 0. Suppose n = -x - x + 6. Let q be 15/2 + 6/(-4). Calculate the greatest common divisor of x and q.
3
Let y(b) = -15*b - 41. Let x be y(-7). Calculate the highest common factor of 2 and x.
2
Suppose -2*r + 4*a + 42 = 0, 2*r + 6*a - 2*a = 10. Let f = -327 + 567. Suppose -2*j - 58 = -f. What is the highest common divisor of r and j?
13
Let o(t) = -t + 17. Let h be o(8). What is the greatest common divisor of h and 81?
9
Let f = 3 - -1. Suppose f*k - 5*r = -4, 0*k - 8 = 2*k - 4*r. Suppose 0 = -3*c - 12, 4 = k*t + 4*c - 0. What is the greatest common factor of 5 and t?
5
Let v = 57 + -29. Suppose 6*s = 2*s + 28. What is the greatest common divisor of s and v?
7
Suppose -5*d = 10 - 50. Calculate the highest common divisor of d and 8.
8
Suppose -87 - 171 = -6*c. What is the highest common factor of c and 344?
43
Suppose -5*f - 5*m - 5 = -0*f, -m = 5*f + 1. Suppose -4*h + 11 + 117 = f. Suppose k - h = -k. What is the highest common factor of k and 24?
8
Suppose -6*r + 4*g = -3*r - 47, 3*r + 2*g - 17 = 0. Calculate the highest common divisor of r and 63.
9
Suppose 13*n - 1052 = 430. What is the highest common divisor of 38 and n?
38
Let d(o) = o**3 - 10*o**2 + 12*o + 1. Let p be d(9). Calculate the greatest common divisor of p and 4.
4
Let c = 6 - 2. Suppose 4*j + 5*o = 12 + 15, -c*j = -5*o + 3. Calculate the highest common divisor of j and 24.
3
Let r(s) = s**3 + 7*s**2 + 6*s + 1. Let d = -1 + -3. Let h be r(d). Calculate the greatest common factor of 5 and h.
5
Suppose 87 + 117 = -3*v. Let g = v - -338. What is the greatest common factor of g and 30?
30
Let b(v) = -2*v**2 + 2*v - 1. Let i be b(1). Let g be (-75)/(-5) - (0 - i). What is the highest common divisor of g and 35?
7
Let y = -198 - -310. Calculate the greatest common divisor of y and 14.
14
Suppose -4*b + 74 + 41 = 3*p, 5*b + 250 = 5*p. Let s(u) = -3*u - u + 7 - 4 + 3*u**2 + u. Let c be s(2). What is the greatest common divisor of p and c?
9
Let u = 18 - 16. Suppose -r + 7 = -32. Suppose q + 3*t = -u*q + r, 2*t - 4 = 0. Calculate the greatest common factor of q and 44.
11
Suppose -6*f + 54 = -3*f. Let k be (-4)/18 - (-508)/f. Calculate the greatest common factor of 84 and k.
28
Let z = -2 + 3. Suppose 2*q = 7*q - 40. Suppose 6*l = 4*l - 4*f + q, 0 = 3*f. What is the highest common factor of z and l?
1
Let h(z) be the third derivative of z**5/15 + z**4/24 + 5*z**3/6 + z**2. Let i be h(-4). Let r be (13 + 0/1)*2. What is the highest common factor of r and i?
13
Suppose -396 = -3*r - 3*s, 0 = r - 13*s + 9*s - 122. Calculate the greatest common factor of r and 10.
10
Let x(r) = 2*r - 2*r - 2 + 2*r. Let f be x(4). Calculate the greatest common divisor of f and 9.
3
Let q(b) = 3*b - 3. Let z be q(3). Suppose 0 = x - z*x + 85. What is the greatest common divisor of x and 51?
17
Suppose -3*m = -3*n - 5*m + 6, -m - 19 = -4*n. Let b = -1 + n. Let p = 3 + 18. Calculate the highest common factor of b and p.
3
Let k(i) = i**2 + 8*i - 2. Let q be k(-9). Calculate the 